ctor of 8998 and 2642?
2
Calculate the greatest common divisor of 30607094 and 14.
14
Calculate the highest common factor of 3546 and 105318.
18
What is the greatest common divisor of 5 and 1521376?
1
Calculate the highest common factor of 2375 and 1919475.
475
Calculate the highest common factor of 69195753 and 2277.
2277
What is the greatest common factor of 671289 and 9?
3
What is the greatest common divisor of 15744050 and 77?
7
Calculate the greatest common divisor of 1911 and 687315993.
1911
What is the greatest common divisor of 4166525 and 1525?
25
What is the greatest common factor of 7 and 3746925?
7
What is the highest common divisor of 16264 and 7811?
107
Calculate the greatest common factor of 278532 and 3143801.
2579
What is the greatest common factor of 227540406 and 82?
82
Calculate the greatest common factor of 421566 and 63206.
34
What is the greatest common divisor of 230595 and 3330?
15
What is the highest common divisor of 996 and 9790514?
166
What is the highest common divisor of 3120749 and 2483?
191
What is the greatest common factor of 66531 and 3045531?
993
What is the highest common factor of 23 and 103140809?
23
What is the highest common factor of 470304 and 20148?
276
Calculate the highest common divisor of 11025 and 675171.
441
What is the highest common factor of 55471 and 97364406?
4267
Calculate the highest common factor of 1926 and 809828109.
963
Calculate the greatest common factor of 1515 and 1005165.
15
What is the highest common factor of 167324610 and 302?
302
Calculate the greatest common divisor of 1098200 and 866400.
3800
What is the highest common factor of 4120 and 8269870?
1030
Calculate the highest common factor of 49689591 and 7.
7
What is the greatest common divisor of 17 and 46490206?
17
What is the greatest common divisor of 48 and 23210448?
48
What is the highest common divisor of 948002 and 10742?
82
Calculate the highest common factor of 13835723 and 6149.
473
What is the greatest common factor of 5833 and 77909539?
307
Calculate the greatest common factor of 17331 and 96195.
159
Calculate the highest common divisor of 1253 and 280413.
7
What is the highest common divisor of 688 and 28015360?
688
Calculate the greatest common factor of 335023 and 2522.
13
What is the highest common factor of 3289088 and 1551616?
2816
Calculate the highest common divisor of 237449 and 1984369.
367
Calculate the greatest common divisor of 2774504 and 19881.
2209
What is the greatest common factor of 77363 and 10231?
13
Calculate the highest common factor of 24389841 and 174.
87
Calculate the greatest common divisor of 831512 and 134552.
968
Calculate the highest common factor of 3100 and 1631600.
100
What is the greatest common divisor of 39419506 and 2?
2
Calculate the greatest common divisor of 9872982 and 2.
2
What is the highest common divisor of 5716280 and 2580?
20
Calculate the greatest common factor of 5161524 and 203451.
2787
Calculate the greatest common divisor of 1220299 and 7258.
191
Calculate the greatest common factor of 104 and 2490683.
13
Calculate the greatest common divisor of 17 and 56600191.
17
What is the highest common divisor of 14806 and 534362?
1346
Calculate the greatest common factor of 3950 and 13985450.
50
Calculate the greatest common factor of 37600 and 4090175.
1175
Calculate the highest common factor of 361559 and 13046.
11
What is the greatest common factor of 4655722 and 266?
38
What is the greatest common divisor of 21624986 and 582?
194
Calculate the highest common divisor of 19204444 and 644.
28
Calculate the greatest common factor of 52811504 and 4.
4
What is the greatest common factor of 1648 and 875500?
412
What is the greatest common divisor of 1088480 and 1720?
40
Calculate the greatest common divisor of 37483124 and 532.
532
Calculate the highest common factor of 157805 and 1054315.
185
What is the highest common divisor of 310288 and 40592?
688
Calculate the highest common divisor of 42484 and 858876.
76
Calculate the greatest common divisor of 14566253 and 13.
13
Calculate the greatest common factor of 6 and 63946464.
6
What is the greatest common divisor of 804 and 97421484?
804
What is the greatest common factor of 762 and 1823085?
381
Calculate the greatest common factor of 1058221616 and 32.
16
Calculate the highest common divisor of 3904 and 108214.
122
What is the greatest common divisor of 596665 and 5875?
235
What is the greatest common factor of 49090940 and 917?
131
Calculate the greatest common factor of 24001541 and 38.
19
Calculate the highest common divisor of 219429 and 8633583.
2709
Calculate the highest common divisor of 31072 and 194848.
32
Calculate the highest common factor of 5387844 and 3773.
3773
Calculate the highest common divisor of 160 and 124945.
5
What is the highest common factor of 14196 and 14224?
28
What is the highest common divisor of 53703 and 247806?
351
Calculate the highest common divisor of 1458 and 4731777.
81
Calculate the highest common divisor of 5605 and 186200.
95
What is the highest common factor of 1998 and 1728270?
1998
Calculate the greatest common divisor of 91083688 and 136.
136
Calculate the highest common divisor of 869311250 and 3750.
1250
What is the greatest common divisor of 270917293 and 2612?
653
Calculate the highest common divisor of 308 and 22896808.
44
Calculate the greatest common divisor of 3710 and 901106.
106
Calculate the highest common factor of 19 and 10551403.
19
Calculate the greatest common divisor of 221666706 and 22032.
2754
What is the greatest common factor of 12 and 55469724?
12
Calculate the greatest common divisor of 219788309 and 1833.
611
What is the highest common factor of 8109959 and 4433?
143
Calculate the greatest common divisor of 57855720 and 17160.
1560
What is the greatest common divisor of 5015 and 1931285?
85
Calculate the greatest common factor of 55 and 923765.
5
Calculate the greatest common divisor of 89743 and 4148.
17
What is the highest common factor of 256 and 4377952?
32
What is the greatest common factor of 18578 and 13664?
14
Calculate the highest common factor of 6552 and 15438969.
819
Calculate the highest common factor of 132957384 and 1503.
501
Calculate the greatest common factor of 18249080 and 80.
40
Calculate the greatest common factor of 1638 and 1512063.
63
Calculate the highest common factor of 19 and 96752.
1
What is the highest common divisor of 604402 and 31222?
466
Calculate the highest common divisor of 243 and 496759.
1
Calculate the highest common divisor of 1502198 and 186.
62
Calculate the greatest common divisor of 3850 and 23092993.
77
What is the highest common factor of 739637 and 17?
1
Calculate the highest common factor of 461980738 and 5783.
5783
What is the highest common divisor of 441079977 and 1989?
663
What is the highest common factor of 52954 and 560164?
638
What is the greatest common factor of 23384 and 142080?
296
What is the highest common factor of 11568 and 1483248?
48
Calculate the highest common divisor of 29 and 25156543.
29
What is the greatest common factor of 4664 and 233992?
88
What is the highest common divisor of 36 and 165018636?
36
What is the highest common divisor of 9 and 341841?
3
What is the highest common divisor of 121 and 5235197?
11
Calculate the highest common factor of 5202 and 393715104.
1734
What is the greatest common divisor of 6520022 and 4842?
538
What is the greatest common divisor of 900 and 1591348050?
450
What is the greatest common divisor of 572242 and 263758?
418
Calculate the greatest common divisor of 50 and 8777150.
50
Calculate the highest common factor of 82304 and 6019766.
1286
What is the highest common factor of 60 and 208929450?
30
What is the highest common factor of 150072 and 41736?
888
What is the highest common divisor of 3329857876 and 10156?
10156
What is the highest common factor of 175 and 1713418?
7
Calculate the highest common factor of 68 and 110070070.
34
Calculate the greatest common divisor of 873 and 60227591.
97
What is the greatest common factor of 2350 and 203485325?
1175
Calculate the highest common divisor of 52965 and 79283790.
4815
What is the highest common factor of 137325270 and 270?
30
What is the greatest common factor of 1525 and 719991845?
305